tors of 822695888.
2, 7, 37, 79, 359
List the prime factors of 3550229794.
2, 179, 9916843
List the prime factors of 633675766.
2, 11743, 26981
List the prime factors of 379793473.
227, 1673099
List the prime factors of 71839703.
13, 19, 1721
List the prime factors of 51445728.
2, 3, 73, 2447
What are the prime factors of 4061070838?
2, 11, 184594129
What are the prime factors of 129897191?
89, 313, 4663
What are the prime factors of 195407436?
2, 3, 7, 2326279
List the prime factors of 10089104.
2, 389, 1621
What are the prime factors of 205997614?
2, 23, 29, 307, 503
List the prime factors of 937475005.
5, 187495001
List the prime factors of 1386240300.
2, 3, 5, 491, 3137
What are the prime factors of 130239799?
541, 240739
What are the prime factors of 14582878?
2, 47, 155137
What are the prime factors of 2176903582?
2, 7, 83, 1873411
List the prime factors of 34238446.
2, 11, 31, 61, 823
What are the prime factors of 82737117?
3, 43, 213791
What are the prime factors of 36293116?
2, 19, 107, 4463
What are the prime factors of 84591875?
5, 135347
List the prime factors of 39439330.
2, 5, 7, 563419
What are the prime factors of 3960959100?
2, 3, 5, 7, 59, 4567
List the prime factors of 3735955277.
3735955277
List the prime factors of 2912921123.
7, 109, 3817721
List the prime factors of 165370975.
5, 7, 11, 271, 317
What are the prime factors of 1089740658?
2, 3, 43, 4223801
List the prime factors of 1561025944.
2, 195128243
List the prime factors of 311225239.
13, 17, 419, 3361
List the prime factors of 686295780.
2, 3, 5, 17, 659, 1021
List the prime factors of 790719998.
2, 19, 20808421
List the prime factors of 19186909.
7, 2740987
What are the prime factors of 998830861?
7, 103, 1385341
What are the prime factors of 34816732?
2, 8704183
List the prime factors of 1964448470.
2, 5, 196444847
What are the prime factors of 3086413?
11, 280583
List the prime factors of 1557806899.
11, 53, 2672053
What are the prime factors of 476917794?
2, 3, 2943937
What are the prime factors of 1285484078?
2, 642742039
What are the prime factors of 330001030?
2, 5, 33000103
List the prime factors of 1047642985.
5, 23, 31, 71, 4139
List the prime factors of 48685331.
17, 43, 66601
What are the prime factors of 360334760?
2, 5, 9008369
List the prime factors of 117567893.
499, 235607
List the prime factors of 4244276.
2, 1061069
List the prime factors of 44237454.
2, 3, 43, 277, 619
What are the prime factors of 1508713889?
1508713889
What are the prime factors of 1231152925?
5, 49246117
What are the prime factors of 52437456?
2, 3, 13487
What are the prime factors of 175478414?
2, 19, 31, 181, 823
List the prime factors of 130347957.
3, 43449319
List the prime factors of 72451981.
7, 1987, 5209
List the prime factors of 330025315.
5, 149, 442987
What are the prime factors of 2745989467?
13, 3221, 65579
What are the prime factors of 48366248?
2, 7, 19, 131, 347
List the prime factors of 260647308.
2, 3, 541, 1487
What are the prime factors of 7322424164?
2, 11, 23, 7235597
List the prime factors of 3044749350.
2, 3, 5, 1471, 13799
List the prime factors of 2291080332.
2, 3, 190923361
What are the prime factors of 317025443?
7, 491, 13177
What are the prime factors of 2763894176?
2, 23, 59, 63649
What are the prime factors of 8692102057?
17, 1213, 421517
List the prime factors of 278396440.
2, 5, 7, 142039
What are the prime factors of 120546224?
2, 317, 23767
What are the prime factors of 24067153?
11, 673, 3251
What are the prime factors of 289222229?
37, 151, 51767
What are the prime factors of 2145181575?
3, 5, 71, 402851
What are the prime factors of 444194789?
1123, 395543
List the prime factors of 1482684663.
3, 10987, 44983
What are the prime factors of 48533978?
2, 563, 43103
List the prime factors of 1520291436.
2, 3, 17, 438377
List the prime factors of 40458516.
2, 3, 7, 83, 829
What are the prime factors of 2919878350?
2, 5, 17, 3435151
What are the prime factors of 166269874?
2, 19, 4375523
What are the prime factors of 3569358940?
2, 5, 7, 3642203
List the prime factors of 178980201.
3, 19886689
What are the prime factors of 116158967?
116158967
What are the prime factors of 111055452?
2, 3, 251, 36871
List the prime factors of 346297453.
23, 15056411
What are the prime factors of 1326168185?
5, 67, 409, 9679
What are the prime factors of 278620724?
2, 107, 587, 1109
What are the prime factors of 17295567?
3, 19, 303431
What are the prime factors of 156236880?
2, 3, 5, 650987
What are the prime factors of 1017682975?
5, 6073, 6703
What are the prime factors of 1945635?
3, 5, 151, 859
List the prime factors of 26097137.
11, 2372467
List the prime factors of 1159219141.
1159219141
List the prime factors of 411892347.
3, 137297449
What are the prime factors of 116194663?
13, 8938051
List the prime factors of 1247868551.
271, 4604681
List the prime factors of 617816516.
2, 17, 317, 28661
What are the prime factors of 619329683?
7, 88475669
What are the prime factors of 1708698470?
2, 5, 170869847
List the prime factors of 988524368.
2, 13, 4752521
What are the prime factors of 488194479?
3, 31, 583267
List the prime factors of 77860950.
2, 3, 5, 37, 14029
List the prime factors of 1302124113.
3, 3967, 12157
List the prime factors of 13047591.
3, 547, 7951
What are the prime factors of 13341242?
2, 23, 290027
List the prime factors of 12395185.
5, 11, 37, 6091
List the prime factors of 344007526.
2, 4159, 41357
What are the prime factors of 91357667?
173, 337, 1567
List the prime factors of 150588442.
2, 75294221
What are the prime factors of 89220641?
17, 5248273
What are the prime factors of 90920790?
2, 3, 5, 631, 1601
What are the prime factors of 52143791?
7, 1064159
List the prime factors of 1766548652.
2, 11, 40148833
List the prime factors of 7038252478.
2, 3697, 951887
What are the prime factors of 5198868226?
2, 17, 152907889
What are the prime factors of 2329184993?
2329184993
What are the prime factors of 174939056?
2, 2099, 5209
What are the prime factors of 4808677489?
7, 11, 47, 1328731
What are the prime factors of 676103397?
3, 31, 7269929
List the prime factors of 6442149201.
3, 17, 3851, 32801
What are the prime factors of 2181599449?
2181599449
What are the prime factors of 2137386106?
2, 1068693053
List the prime factors of 1119377.
7, 159911
What are the prime factors of 360912292?
2, 13, 31, 73, 3067
What are the prime factors of 3124262056?
2, 15907, 24551
What are the prime factors of 2145809101?
2145809101
What are the prime factors of 134922516?
2, 3, 1663, 6761
List the prime factors of 268774137.
3, 607, 49199
List the prime factors of 1747432234.
2, 873716117
What are the prime factors of 732946422?
2, 3, 13, 41, 229189
What are the prime factors of 8570976348?
2, 3, 11, 31, 2094569
What are the prime factors of 1555892498?
2, 777946249
What are the prime factors of 11144159?
13, 31, 27653
What are the prime factors of 377265311?
19, 127, 156347
List the prime factors of 656517860.
2, 5, 349, 94057
List the prime factors of 31230806.
2, 15615403
List the prime factors of 61997649.
3, 7, 2952269
List the prime factors of 110051564.
2, 7, 61, 64433
What are the prime factors of 209480619?
3, 23, 349, 8699
What are the prime factors of 4483152280?
2, 5, 17, 6592871
What are the prime factors of 269729113?
7643, 35291
What are the prime factors of 2032317052?
2, 508079263
List the prime factors of 2996819157.
3, 998939719
List the prime factors of 2881623225.
3, 5, 13, 61, 3727
List the prime factors of 580368135.
3, 5, 38691209
List the prime factors of 6299407.
67, 167, 563
What are the prime factors of 88083238?
2, 23, 1914853
List the prime factors of 44977026.
2, 3, 47, 349, 457
What are the prime factors of 1310572594?
2, 107, 587, 10433
List the prime factors of 85525698.
2, 3, 29, 491527
What are the prime factors of 34326667?
4759, 7213
List the prime factors of 40208579.
19, 1427, 1483
What are the prime factors of 179629048?
2, 22453631
List the prime factors of 833482380.
2, 3, 5, 59, 235447
What are the prime factors of 309223454?
2, 23, 211, 31859
What are the prime factors of 99551020?
2, 5, 43, 115757
What are the prime factors of 59185383?
3, 1861, 10601
What are the prime factors of 310827691?
3108276